3
What is the greatest common divisor of 658926 and 6462?
18
Calculate the greatest common divisor of 303 and 2683.
1
Calculate the greatest common divisor of 1289820 and 70140.
420
Calculate the greatest common factor of 770 and 77177947.
77
What is the highest common factor of 3440 and 11489584?
16
Calculate the highest common factor of 57754 and 2546.
134
What is the highest common divisor of 7385908 and 1900?
76
Calculate the highest common divisor of 86127120 and 29680.
4240
Calculate the highest common factor of 234 and 304010616.
78
Calculate the greatest common factor of 11089 and 60563.
853
Calculate the greatest common divisor of 4959 and 1657769.
19
What is the highest common divisor of 1969 and 780109?
11
What is the greatest common factor of 509692025 and 25?
25
Calculate the highest common divisor of 4062 and 532195116.
4062
Calculate the greatest common factor of 2656 and 10716379.
83
Calculate the highest common divisor of 24 and 11304192.
24
What is the highest common factor of 106 and 1865942?
2
What is the greatest common divisor of 198640 and 3590?
10
Calculate the greatest common divisor of 570 and 31326915.
285
Calculate the greatest common factor of 484252530 and 118.
118
What is the highest common divisor of 30028878 and 5418?
774
Calculate the highest common divisor of 132303456 and 48.
48
What is the highest common divisor of 1827440 and 460?
20
Calculate the greatest common factor of 31806 and 6815908.
1178
Calculate the greatest common divisor of 59047 and 21712056.
431
What is the highest common divisor of 29538 and 3294034?
1094
Calculate the highest common factor of 92687309 and 23.
23
Calculate the highest common divisor of 61280911 and 2333.
2333
Calculate the highest common divisor of 12700 and 1609100.
100
Calculate the greatest common divisor of 114 and 11616906.
6
Calculate the highest common factor of 30459726 and 378.
54
What is the highest common factor of 107453205 and 7760?
485
Calculate the greatest common divisor of 26 and 522561.
13
What is the highest common divisor of 722 and 1352781?
19
Calculate the greatest common factor of 28060 and 1100780.
460
What is the greatest common factor of 63241903 and 268?
67
Calculate the greatest common factor of 306 and 184499946.
306
Calculate the greatest common factor of 13657754 and 3872.
242
What is the highest common divisor of 1526100 and 180?
60
What is the highest common factor of 6332845 and 2130?
355
Calculate the greatest common divisor of 188785 and 131954.
17
What is the highest common factor of 8970 and 1726140?
390
What is the highest common factor of 399462570 and 13140?
6570
What is the greatest common factor of 1444808 and 23162?
626
Calculate the greatest common divisor of 19057 and 23395270.
1121
What is the greatest common factor of 11431128 and 72816?
984
Calculate the highest common factor of 26110 and 123869570.
3730
What is the greatest common factor of 61964616 and 784?
392
What is the highest common factor of 1534 and 2010398?
26
What is the highest common factor of 726792 and 396?
132
What is the highest common factor of 5865060 and 392916?
2868
What is the highest common divisor of 2186740 and 62?
62
What is the greatest common factor of 101119851 and 6119?
211
Calculate the greatest common factor of 1550 and 166095830.
310
What is the highest common divisor of 408232651 and 19?
19
What is the highest common factor of 2471922 and 191?
191
What is the highest common divisor of 37970 and 410?
10
What is the highest common factor of 153 and 61001831?
17
What is the greatest common factor of 2071 and 9414003?
109
What is the highest common divisor of 48671559 and 1026?
171
Calculate the greatest common factor of 59916 and 10140.
12
What is the greatest common factor of 4 and 39451984?
4
What is the highest common divisor of 34488 and 29473828?
1916
Calculate the highest common factor of 51302 and 7100468.
226
Calculate the highest common factor of 48539997 and 795.
159
Calculate the greatest common factor of 93226 and 5054.
14
Calculate the highest common divisor of 666 and 22179243.
111
What is the highest common divisor of 5272863 and 1095?
219
What is the greatest common factor of 121655 and 4205?
145
What is the greatest common divisor of 4894812 and 468?
468
What is the greatest common divisor of 123906 and 42159306?
1158
Calculate the greatest common factor of 5978720 and 1215610.
4730
Calculate the greatest common factor of 303243810 and 4880.
610
What is the highest common divisor of 5001 and 52658863?
1667
What is the highest common factor of 8102601 and 1369719?
2691
Calculate the greatest common factor of 2305 and 350890.
5
What is the greatest common divisor of 1838414 and 32086276?
13226
Calculate the highest common factor of 23 and 4151615.
23
What is the greatest common factor of 1855 and 14975680?
265
Calculate the highest common factor of 3222296 and 2552.
88
Calculate the greatest common divisor of 103372677 and 531.
9
What is the greatest common factor of 30385490 and 4450?
890
Calculate the greatest common divisor of 3973842 and 28254.
1662
Calculate the greatest common factor of 153968 and 5288.
8
What is the greatest common divisor of 60785 and 565?
5
What is the highest common factor of 1899 and 53667?
9
Calculate the greatest common divisor of 4684 and 126950452.
4684
What is the highest common factor of 5965248 and 3?
3
Calculate the highest common factor of 52488 and 34506.
486
Calculate the greatest common divisor of 1216 and 397886144.
1216
What is the highest common factor of 200 and 91044400?
200
Calculate the highest common factor of 24152106 and 132.
66
Calculate the greatest common divisor of 8600418 and 15390.
162
What is the greatest common divisor of 45306 and 2570696?
1678
Calculate the highest common divisor of 224 and 117614752.
32
What is the highest common factor of 51504 and 6480456?
696
Calculate the greatest common divisor of 19 and 9372947.
19
What is the highest common factor of 76700 and 8180?
20
What is the greatest common divisor of 362 and 135950005?
181
Calculate the greatest common factor of 273 and 120302637.
273
What is the highest common factor of 8983 and 37830868?
691
Calculate the highest common factor of 2533588 and 3956.
92
Calculate the highest common divisor of 4751 and 306814829.
4751
Calculate the highest common divisor of 2106 and 729222.
78
Calculate the highest common factor of 5 and 10088635.
5
What is the highest common factor of 499040 and 219360?
160
Calculate the greatest common divisor of 122003 and 36627.
29
Calculate the highest common factor of 18184498 and 222016.
6938
What is the highest common divisor of 63364800 and 4472?
344
What is the greatest common factor of 14980230 and 20?
10
What is the greatest common factor of 18686526 and 1644?
822
Calculate the highest common factor of 39379988 and 1332.
148
What is the highest common factor of 4034264 and 4888?
104
What is the highest common factor of 5451203 and 272?
17
What is the greatest common factor of 5931880 and 1080?
40
What is the highest common factor of 83280 and 10632?
24
What is the highest common factor of 77020630 and 30?
10
What is the greatest common factor of 14136 and 139536?
456
What is the highest common factor of 157213284 and 678?
678
What is the highest common divisor of 35 and 9482470?
5
Calculate the greatest common divisor of 1900 and 61592927.
19
Calculate the highest common divisor of 930621 and 68736.
537
Calculate the highest common divisor of 75686142 and 28.
14
Calculate the highest common factor of 2707 and 39015991.
2707
What is the highest common divisor of 354063 and 2012975?
1103
What is the highest common factor of 652525 and 5891?
43
Calculate the highest common factor of 3046179 and 15.
3
Calculate the greatest common divisor of 2897281 and 8336.
521
Calculate the greatest common factor of 225031365 and 10.
5
What is the highest common divisor of 101154 and 327750?
138
Calculate the greatest common divisor of 739063 and 8656076.
5317
Calculate the highest common factor of 2805 and 201456970.
935
Calculate the greatest common divisor of 12591656 and 88.
88
Calculate the greatest common factor of 1271550 and 185283.
3633
Calculate the highest common divisor of 3813 and